2 - 63*b - 3958. Determine s(-39).
20
Let w(c) = c**3 + 151*c**2 - 27*c - 4101. Determine w(-151).
-24
Let p(r) = 91*r + 44. Give p(0).
44
Let r(x) = 22*x + 54. What is r(1)?
76
Let u(n) = -n**2 - 176*n - 1542. What is u(-9)?
-39
Let z(v) = v**3 - 10*v**2 - 5*v + 53. Calculate z(11).
119
Let u(y) = -16*y**2 - 97*y - 93. Determine u(-5).
-8
Let q(f) = -5*f**3 - 20*f**2 + 223*f - 10. What is q(-9)?
8
Let u(j) = -j - 38. Calculate u(-27).
-11
Let p(s) = -s**3 + 234*s**2 - 1175*s + 6875. What is p(229)?
5
Let r(d) = 2*d**3 + 13*d**2 - 3*d + 24. Calculate r(-7).
-4
Let i(d) = -d**3 + 26*d**2 - 54*d + 76. Give i(23).
421
Let k(c) = -2*c**3 - 8*c**2 - 4*c - 13. Give k(-4).
3
Let t(m) = -m**2 + 4*m + 160. Determine t(26).
-412
Let k(f) = -8*f**3 - 106*f**2 - 12*f - 7. Calculate k(-13).
-189
Let b(a) = -2*a**2 - 26*a + 35. What is b(-8)?
115
Let k(t) = t**3 + 6*t**2 + 11*t + 3. Calculate k(-4).
-9
Let c(t) = -11*t**2 - 128*t - 373. Determine c(-9).
-112
Let k(n) = 254*n + 1274. Determine k(-10).
-1266
Let j(x) = -x**3 + 71*x**2 + 992*x + 309. What is j(83)?
-23
Let r(d) = 2*d - 16. Give r(15).
14
Let d(j) = 16*j**3 - 4*j**2 - 7*j - 5. Calculate d(-1).
-18
Let s(y) = 3*y**2 - 6*y - 136. Calculate s(11).
161
Let n(o) = 4*o**2 + 38*o - 1104. What is n(-22)?
-4
Let v(d) = 5994*d + 29967. Determine v(-5).
-3
Let r(a) = a**2 + 249*a - 1011. Determine r(4).
1
Let g(w) = 84*w + 2223. Determine g(-28).
-129
Let m(t) = 165*t**2 + 10725*t - 31. Give m(-65).
-31
Let n(s) = 59*s - 375. Calculate n(6).
-21
Let t(c) = -c**3 - 39*c**2 - 72*c - 337. Determine t(-37).
-411
Let b(l) = 2*l**3 + 81*l**2 - 145*l - 786. What is b(-42)?
12
Let q(m) = -m**2 - 5*m + 718. Determine q(-30).
-32
Let n(t) = -58*t - 36. Calculate n(2).
-152
Let x(g) = 84*g**3 - 842*g**2 + 20*g + 6. Calculate x(10).
6
Let i(r) = 5*r**3 - 4*r**2 + 13*r - 24. What is i(3)?
114
Let i(g) = -g**3 + 14*g**2 - 18*g + 207. Determine i(13).
142
Let k(d) = 97*d - 10938. Calculate k(113).
23
Let s(a) = 62127*a - 497016. What is s(8)?
0
Let q(y) = y**3 - 24*y**2 - 4*y + 90. Determine q(24).
-6
Let a(l) = l**3 + l**2 + 762*l + 1515. Give a(-2).
-13
Let a(i) = 2554*i - 28100. Give a(11).
-6
Let v(q) = q**2 + 19*q - 1729. Give v(-52).
-13
Let q(c) = -17*c + 622. Give q(34).
44
Let p(i) = 6*i**2 - 24*i + 134. What is p(7)?
260
Let s(j) = -49*j - 485. Calculate s(-6).
-191
Let x(p) = 11*p**2 + 58*p + 20. Calculate x(-4).
-36
Let n(c) = c**2 - 191*c + 7590. Determine n(57).
-48
Let z(y) = y**3 + 41*y**2 + 45*y + 31. What is z(-40)?
-169
Let s(j) = -14*j**2 - 12*j - 3. Determine s(4).
-275
Let d(p) = 4*p**2 - 425*p + 526. Calculate d(105).
1
Let c(v) = -9*v**3 - 8*v**2 - 23*v + 84. Give c(2).
-66
Let i(l) = -32*l - 566. Give i(-19).
42
Let n(h) = -3*h - 93. Determine n(21).
-156
Let s(t) = -t**2 + 3*t + 132. What is s(-13)?
-76
Let v(t) = -828*t + 61267. Determine v(74).
-5
Let s(k) = -9*k - 130. Determine s(1).
-139
Let y(q) = -2*q**2 - 2*q + 19. Calculate y(-4).
-5
Let z(c) = -2*c**2 + 50*c - 38. What is z(23)?
54
Let m(r) = -42*r**2 + 82*r + 5. What is m(2)?
1
Let w(i) = i**3 + 234*i**2 - 2931*i + 5159. Give w(-246).
-7
Let i(n) = -444*n - 6638. Determine i(-15).
22
Let f(h) = 5*h**2 - 4*h - 20. Determine f(-3).
37
Let c(q) = 2872*q - 54578. Give c(19).
-10
Let t(j) = 47*j + 603. Determine t(-12).
39
Let q(h) = 6*h**3 - 27*h**2 + 27*h. What is q(1)?
6
Let a(k) = 3*k**3 + 118*k**2 - 79*k - 109. What is a(-40)?
-149
Let c(b) = -3243*b - 29187. Calculate c(-9).
0
Let c(l) = -l**3 + 12*l**2 + 2*l + 37. Calculate c(7).
296
Let k(j) = j**2 + 458*j + 10. Calculate k(0).
10
Let w(f) = 27*f**2 + 189*f - 546. Determine w(3).
264
Let l(h) = h**2 + 24*h - 381. Give l(-54).
1239
Let s(w) = -w**2 + 2538*w + 89. What is s(0)?
89
Let m(k) = k**3 - 11*k**2 - 62*k + 593. Determine m(12).
-7
Let i(g) = g**3 + 9*g**2 - 2*g - 67. What is i(-8)?
13
Let i(u) = -u**2 - 38*u - 207. Calculate i(-32).
-15
Let j(l) = 3714*l - 18572. Determine j(5).
-2
Let a(d) = -11018*d + 11033. Determine a(1).
15
Let s(r) = 21*r**2 - 783*r - 22. What is s(38)?
548
Let d(a) = a**3 - 4*a**2 + 359*a - 2669. Calculate d(7).
-9
Let u(p) = 232*p + 4865. Give u(-21).
-7
Let f(q) = -q**3 - 3*q**2 + 41*q + 165. Give f(-5).
10
Let w(j) = -j**3 + 15*j**2 - 61*j + 182. Determine w(11).
-5
Let t(p) = 266*p**2 - 6646*p - 14. Give t(25).
86
Let r(t) = -t**2 - 750*t + 3010. What is r(4)?
-6
Let a(l) = -5*l**2 - 105. Determine a(-9).
-510
Let a(r) = 15*r + 146. Determine a(5).
221
Let k(m) = 2*m**3 + 10*m**2 + 31*m + 253. What is k(-6)?
-5
Let l(r) = 31*r + 36. What is l(-1)?
5
Let o(j) = 66*j + 726. What is o(-11)?
0
Let i(y) = y**3 - 25*y**2 - 7*y + 186. What is i(25)?
11
Let u(c) = -124*c + 68. Determine u(2).
-180
Let s(t) = t**3 - 4*t**2 - 17*t + 18. What is s(4)?
-50
Let n(b) = -4*b**3 - 211*b**2 - 157*b + 36. Calculate n(-52).
88
Let y(v) = 87*v**2 - 362*v + 8. Calculate y(4).
-48
Let f(m) = -m**3 + 82*m**2 + 86*m - 254. Give f(83).
-5
Let w(b) = -137*b - 1622. Determine w(-12).
22
Let c(u) = -47*u + 2163. Calculate c(22).
1129
Let t(c) = -c**3 + 7*c**2 + 19*c - 62. Determine t(8).
26
Let y(k) = -1527*k + 30544. Calculate y(20).
4
Let t(k) = k**3 - 67*k**2 + 618*k - 144. Give t(56).
-32
Let a(d) = -4*d**2 - 72*d - 29. What is a(-18)?
-29
Let q(l) = l**3 - 87*l**2 + 96*l - 846. Give q(86).
14
Let h(s) = s**3 - 9*s**2 + 40*s - 84. What is h(4)?
-4
Let v(y) = 8*y + 10. Calculate v(-1).
2
Let c(b) = -6*b - 66. What is c(-13)?
12
Let i(a) = -3*a - 36. Determine i(0).
-36
Let u(y) = 10*y + 173. Calculate u(-15).
23
Let g(u) = 14*u + 389. Give g(-28).
-3
Let l(s) = s**2 - 59*s - 61. Determine l(-1).
-1
Let d(y) = 3*y**2 - 24*y - 7. Determine d(9).
20
Let k(g) = 62*g - 650. Give k(11).
32
Let b(j) = 3*j**2 - 7*j - 41. Give b(-4).
35
Let w(x) = -2*x**3 + 97*x**2 - 616*x + 36. What is w(41)?
-5
Let a(v) = v**3 + 11*v**2 + 8*v + 17. Give a(-10).
37
Let l(m) = -321*m - 84421. What is l(-263)?
2
Let o(f) = -5*f**3 - 4*f**2 + 15*f - 9. Determine o(2).
-35
Let k(u) = -3*u**2 - 25*u - 45. Determine k(-6).
-3
Let q(v) = -v**3 - 22*v**2 - 6*v - 402. What is q(-22)?
-270
Let m(q) = -q**3 + 84*q**2 - 184*q + 1645. Calculate m(82).
5
Let q(v) = -5*v**2 - 79*v - 44. What is q(-3)?
148
Let m(c) = c**2 + 516*c - 16. Determine m(0).
-16
Let p(i) = i**2 - 6*i - 22. Give p(-4).
18
Let o(x) = -2*x**2 - 45*x + 353. What is o(8)?
-135
Let a(s) = -14719*s + 29433. Determine a(2).
-5
Let u(l) = l**3 + 164*l**2 - 1194*l - 32. What is u(7)?
-11
Let j(k) = 44*k - 758. Give j(18).
34
Let i(h) = -26*h - 42. Give i(-6).
114
Let j(p) = 16*p**2 - 7*p - 16. Give j(-3).
149
Let k(a) = 57*a + 20. Determine k(2).
134
Let u(a) = 5*a**2 + 37*a + 6. Determine u(-11).
204
Let f(k) = -k**3 + 25*k**2 + 16*k + 239. What is f(26)?
-21
Let a(y) = -2*y**3 + y**2 + 10. Calculate a(4).
-102
Let d(c) = -2*c**2 + 108*c + 230. Give d(59).
-360
Let g(x) = -13*x + 135. Calculate g(6).
57
Let f(t) = 2*t**3 - 145*t**2 - 376*t + 61. Determine f(75).
-14
Let g(f) = 129*f + 115. Calculate g(-1).
-14
Let i(j) = -j**3 + 56*j**2 + 359*j + 783. Give i(62).
-23
Let b(t) = 2*t**2 - 3*t - 123. Calculate b(-13).
254
Let u(v) = -60*v + 91. Calculate u(2).
-29
Let f(p) = -38*p - 1382. Calculate f(-37).
24
Let w(z) = -12*z**2 + 37*z - 181. Give w(6).
-391
Let x(b) = 3*b**3 + 9*b**2 - b - 3. Give x(-4).
-47
Let q(i) = 113*i + 1112. Give q(-10).
-18
Let s(h) = -h**2 - 66*h - 345. Calculate s(-61).
-40
Let y(v) = -3*v**2 + 584*v + 786. Calculate y(196).
2
Let z(q) = 5*q**2 - 61*q - 206. Calculate z(15).
4
Let y(p) = -9*p + 190. What is y(18)?
28
Let c(g) = -g**3 - 34*g**2 - 65*g - 38. Calculate c(-32).
-6
Let l(g) = -g**3 + 23*g**2 + 29*g - 134. Determine l(23).
533
Let s(y) = y**3 - 17*y**2 + 19*y - 48. Calculate s(16).
0
Let w(f) = 9*f**2 + 29*f - 25. Give w(-4).
3
Let j(z) = 3832*z - 11503. Calculate j(3).
-7
Let b(l) = -l**2 - 107*l - 2659. Give b(-39).
-7
Let w(n) = -2*n**2 - 148*n + 3088. Determine w(-91).
-6
Let y(g) = -263*g - 11303. What is y(-43)?
6
Let s(g) = -22*g + 39. What is s(16)?
-313
Let c(l) = -l**2 + 232*l + 466. Calculate c(234).
-2
Let r(x) = 596*x + 3581. Determine r(-6).
5
Let d(s) = 6*s**2 - 887*s + 735. What is d(147)?
0
Let x(t) = -t**3 - 24*t**2 - 24*t - 9. What is x(-23)?
14
Let h(j) = -21*j - 2135. Determine h(-